{"id":27,"date":"2026-08-17T08:45:19","date_gmt":"2026-08-17T08:45:19","guid":{"rendered":"https:\/\/fotografierneharordet.dk\/portfolio\/"},"modified":"2026-09-03T13:39:06","modified_gmt":"2026-09-03T13:39:06","slug":"portfolio","status":"publish","type":"page","link":"https:\/\/fotografierneharordet.dk\/da_dk\/portfolio\/","title":{"rendered":"Portfolio"},"content":{"rendered":"<style id=\"ff-color-palette\">main .ext-hero-section .wp-block-post-title{color:#f6f3ec!important}.entry-content.wp-block-post-content :where(h1,h2,h3,h4,h5,h6,p,li,strong){color:#171714!important}<\/style>\n\n<div class=\"wp-block-group alignwide has-global-padding is-layout-constrained wp-container-core-group-is-layout-380224a6 wp-block-group-is-layout-constrained\" style=\"padding-top:var(--wp--preset--spacing--60);padding-bottom:var(--wp--preset--spacing--60)\">\n<p class=\"has-small-font-size wp-block-paragraph\"><strong>FOTOGRAFISKE FORT\u00c6LLINGER<\/strong><\/p>\n<h2 class=\"wp-block-heading has-xx-large-font-size\">Virkeligheden fortalt i billeder<\/h2>\n<p class=\"has-large-font-size wp-block-paragraph\">Portfolioen samler dokumentariske billedfort\u00e6llinger, hvor fotografierne er udgangspunktet, og teksten hj\u00e6lper med at identificere, dokumentere og perspektivere.<\/p>\n\n<div class=\"wp-block-group alignwide has-base-2-background-color has-background is-layout-flow wp-block-group-is-layout-flow\" style=\"margin-top:var(--wp--preset--spacing--60);padding-top:var(--wp--preset--spacing--50);padding-right:var(--wp--preset--spacing--50);padding-bottom:var(--wp--preset--spacing--50);padding-left:var(--wp--preset--spacing--50)\">\n<p class=\"has-small-font-size wp-block-paragraph\"><strong>F\u00d8RSTE ST\u00d8RRE UDGIVELSE \u00b7 UNDER UDVIKLING<\/strong><\/p>\n<h2 class=\"wp-block-heading\">Fotografierne fort\u00e6ller om Bornholm<\/h2>\n<p class=\"wp-block-paragraph\">Bornholm rummer st\u00e6rke visuelle fort\u00e6llinger inden for et overskueligt geografisk omr\u00e5de. Udgivelsen bliver ikke endnu en turistbrochure, men et fotografisk samtidsdokument om det s\u00e6regne og menneskene bag det Bornholm, der eksisterer nu.<\/p>\n<\/div>\n\n<div class=\"wp-block-columns alignwide is-layout-flex wp-container-core-columns-is-layout-5e3eaec5 wp-block-columns-is-layout-flex\" style=\"margin-top:var(--wp--preset--spacing--50)\">\n<div class=\"wp-block-column is-layout-flow wp-block-column-is-layout-flow\"><p class=\"has-small-font-size wp-block-paragraph\"><strong>H\u00c5NDV\u00c6RK \u00b7 SVANEKE<\/strong><\/p><h3 class=\"wp-block-heading\">Fra ild til glas<\/h3><p class=\"wp-block-paragraph\">Pernille B\u00fclow, ovnens varme, det levende glas, h\u00e6nderne, v\u00e6rkt\u00f8jet og samarbejdet i v\u00e6rkstedet.<\/p><\/div>\n<div class=\"wp-block-column is-layout-flow wp-block-column-is-layout-flow\"><p class=\"has-small-font-size wp-block-paragraph\"><strong>STED \u00b7 NORDBORNHOLM<\/strong><\/p><h3 class=\"wp-block-heading\">Hotel Hammers\u00f8<\/h3><p class=\"wp-block-paragraph\">Et levende hotel fortalt gennem udsigten, rummene, den gamle telefonboks, reservationstavlen og de bevarede tidslag.<\/p><\/div>\n<div class=\"wp-block-column is-layout-flow wp-block-column-is-layout-flow\"><p class=\"has-small-font-size wp-block-paragraph\"><strong>MADKULTUR \u00b7 GUDHJEM<\/strong><\/p><h3 class=\"wp-block-heading\">R\u00f8gens magi<\/h3><p class=\"wp-block-paragraph\">Fra fiskene h\u00e6nges op til ild, r\u00f8g, erfaring og det f\u00e6rdige resultat \u2013 et h\u00e5ndv\u00e6rk, der har pr\u00e6get Bornholm i generationer.<\/p><\/div>\n<\/div>\n<hr class=\"wp-block-separator alignwide has-alpha-channel-opacity\"\/>\n\n<div class=\"wp-block-columns alignwide is-layout-flex wp-container-core-columns-is-layout-147c2bf1 wp-block-columns-is-layout-flex\">\n<div class=\"wp-block-column is-layout-flow wp-block-column-is-layout-flow\"><p class=\"has-small-font-size wp-block-paragraph\"><strong>LOKALLIV<\/strong><\/p><h3 class=\"wp-block-heading\">Lynge Byfest<\/h3><p class=\"wp-block-paragraph\">F\u00e6llesskab, frivillighed, konkurrencer og de sm\u00e5 m\u00f8der, som tilsammen fort\u00e6ller historien om en byfest.<\/p><\/div>\n<div class=\"wp-block-column is-layout-flow wp-block-column-is-layout-flow\"><p class=\"has-small-font-size wp-block-paragraph\"><strong>SPORT OG HVERDAG<\/strong><\/p><h3 class=\"wp-block-heading\">Mennesker i bev\u00e6gelse<\/h3><p class=\"wp-block-paragraph\">Fotografiske serier om bev\u00e6gelse, koncentration, f\u00e6llesskab og personerne bag det lokale idr\u00e6tsliv.<\/p><\/div>\n<\/div>\n<div class=\"wp-block-buttons alignwide is-content-justification-left is-layout-flex wp-container-core-buttons-is-layout-7f26816e wp-block-buttons-is-layout-flex\"><div class=\"wp-block-button\"><a class=\"wp-block-button__link wp-element-button\" href=\"\/galleri\/\">Se galleriet<\/a><\/div><\/div>\n<\/div>","protected":false},"excerpt":{"rendered":"<p>FOTOGRAFISKE FORT\u00c6LLINGER Virkeligheden fortalt i billeder Portfolioen samler dokumentariske billedfort\u00e6llinger, hvor fotografierne er udgangspunktet, og teksten hj\u00e6lper med at identificere, dokumentere og perspektivere. F\u00d8RSTE ST\u00d8RRE UDGIVELSE \u00b7 UNDER UDVIKLING Fotografierne fort\u00e6ller om Bornholm Bornholm rummer st\u00e6rke visuelle fort\u00e6llinger inden for et overskueligt geografisk omr\u00e5de. Udgivelsen bliver ikke endnu en turistbrochure, men et fotografisk samtidsdokument om [&hellip;]<\/p>\n","protected":false},"author":1,"featured_media":0,"parent":0,"menu_order":0,"comment_status":"closed","ping_status":"closed","template":"page-with-title","meta":{"inline_featured_image":false,"_monsterinsights_skip_tracking":false,"footnotes":""},"class_list":["post-27","page","type-page","status-publish","hentry"],"_links":{"self":[{"href":"https:\/\/fotografierneharordet.dk\/da_dk\/wp-json\/wp\/v2\/pages\/27","targetHints":{"allow":["GET"]}}],"collection":[{"href":"https:\/\/fotografierneharordet.dk\/da_dk\/wp-json\/wp\/v2\/pages"}],"about":[{"href":"https:\/\/fotografierneharordet.dk\/da_dk\/wp-json\/wp\/v2\/types\/page"}],"author":[{"embeddable":true,"href":"https:\/\/fotografierneharordet.dk\/da_dk\/wp-json\/wp\/v2\/users\/1"}],"replies":[{"embeddable":true,"href":"https:\/\/fotografierneharordet.dk\/da_dk\/wp-json\/wp\/v2\/comments?post=27"}],"version-history":[{"count":3,"href":"https:\/\/fotografierneharordet.dk\/da_dk\/wp-json\/wp\/v2\/pages\/27\/revisions"}],"predecessor-version":[{"id":129,"href":"https:\/\/fotografierneharordet.dk\/da_dk\/wp-json\/wp\/v2\/pages\/27\/revisions\/129"}],"wp:attachment":[{"href":"https:\/\/fotografierneharordet.dk\/da_dk\/wp-json\/wp\/v2\/media?parent=27"}],"curies":[{"name":"wp","href":"https:\/\/api.w.org\/{rel}","templated":true}]}}

<style id="ff-color-palette">main .ext-hero-section .wp-block-post-title{color:#f6f3ec!important}.entry-content.wp-block-post-content :where(h1,h2,h3,h4,h5,h6,p,li,strong){color:#171714!important}</style>

<div class="wp-block-group alignwide has-global-padding is-layout-constrained wp-container-core-group-is-layout-380224a6 wp-block-group-is-layout-constrained" style="padding-top:var(--wp--preset--spacing--60);padding-bottom:var(--wp--preset--spacing--60)">
<p class="has-small-font-size wp-block-paragraph"><strong>FOTOGRAFISKE FORTÆLLINGER</strong></p>
<h2 class="wp-block-heading has-xx-large-font-size">Virkeligheden fortalt i billeder</h2>
<p class="has-large-font-size wp-block-paragraph">Portfolioen samler dokumentariske billedfortællinger, hvor fotografierne er udgangspunktet, og teksten hjælper med at identificere, dokumentere og perspektivere.</p>

<div class="wp-block-group alignwide has-base-2-background-color has-background is-layout-flow wp-block-group-is-layout-flow" style="margin-top:var(--wp--preset--spacing--60);padding-top:var(--wp--preset--spacing--50);padding-right:var(--wp--preset--spacing--50);padding-bottom:var(--wp--preset--spacing--50);padding-left:var(--wp--preset--spacing--50)">
<p class="has-small-font-size wp-block-paragraph"><strong>FØRSTE STØRRE UDGIVELSE · UNDER UDVIKLING</strong></p>
<h2 class="wp-block-heading">Fotografierne fortæller om Bornholm</h2>
<p class="wp-block-paragraph">Bornholm rummer stærke visuelle fortællinger inden for et overskueligt geografisk område. Udgivelsen bliver ikke endnu en turistbrochure, men et fotografisk samtidsdokument om det særegne og menneskene bag det Bornholm, der eksisterer nu.</p>
</div>

<div class="wp-block-columns alignwide is-layout-flex wp-container-core-columns-is-layout-5e3eaec5 wp-block-columns-is-layout-flex" style="margin-top:var(--wp--preset--spacing--50)">
<div class="wp-block-column is-layout-flow wp-block-column-is-layout-flow"><p class="has-small-font-size wp-block-paragraph"><strong>HÅNDVÆRK · SVANEKE</strong></p><h3 class="wp-block-heading">Fra ild til glas</h3><p class="wp-block-paragraph">Pernille Bülow, ovnens varme, det levende glas, hænderne, værktøjet og samarbejdet i værkstedet.</p></div>
<div class="wp-block-column is-layout-flow wp-block-column-is-layout-flow"><p class="has-small-font-size wp-block-paragraph"><strong>STED · NORDBORNHOLM</strong></p><h3 class="wp-block-heading">Hotel Hammersø</h3><p class="wp-block-paragraph">Et levende hotel fortalt gennem udsigten, rummene, den gamle telefonboks, reservationstavlen og de bevarede tidslag.</p></div>
<div class="wp-block-column is-layout-flow wp-block-column-is-layout-flow"><p class="has-small-font-size wp-block-paragraph"><strong>MADKULTUR · GUDHJEM</strong></p><h3 class="wp-block-heading">Røgens magi</h3><p class="wp-block-paragraph">Fra fiskene hænges op til ild, røg, erfaring og det færdige resultat – et håndværk, der har præget Bornholm i generationer.</p></div>
</div>
<hr class="wp-block-separator alignwide has-alpha-channel-opacity"/>

<div class="wp-block-columns alignwide is-layout-flex wp-container-core-columns-is-layout-147c2bf1 wp-block-columns-is-layout-flex">
<div class="wp-block-column is-layout-flow wp-block-column-is-layout-flow"><p class="has-small-font-size wp-block-paragraph"><strong>LOKALLIV</strong></p><h3 class="wp-block-heading">Lynge Byfest</h3><p class="wp-block-paragraph">Fællesskab, frivillighed, konkurrencer og de små møder, som tilsammen fortæller historien om en byfest.</p></div>
<div class="wp-block-column is-layout-flow wp-block-column-is-layout-flow"><p class="has-small-font-size wp-block-paragraph"><strong>SPORT OG HVERDAG</strong></p><h3 class="wp-block-heading">Mennesker i bevægelse</h3><p class="wp-block-paragraph">Fotografiske serier om bevægelse, koncentration, fællesskab og personerne bag det lokale idrætsliv.</p></div>
</div>
<div class="wp-block-buttons alignwide is-content-justification-left is-layout-flex wp-container-core-buttons-is-layout-7f26816e wp-block-buttons-is-layout-flex"><div class="wp-block-button"><a class="wp-block-button__link wp-element-button" href="/galleri/">Se galleriet</a></div></div>
</div>

<p>FOTOGRAFISKE FORTÆLLINGER Virkeligheden fortalt i billeder Portfolioen samler dokumentariske billedfortællinger, hvor fotografierne er udgangspunktet, og teksten hjælper med at identificere, dokumentere og perspektivere. FØRSTE STØRRE UDGIVELSE · UNDER UDVIKLING Fotografierne fortæller om Bornholm Bornholm rummer stærke visuelle fortællinger inden for et overskueligt geografisk område. Udgivelsen bliver ikke endnu en turistbrochure, men et fotografisk samtidsdokument om [&hellip;]</p>
