{"id":27,"date":"2026-08-17T08:45:19","date_gmt":"2026-08-17T08:45:19","guid":{"rendered":"https:\/\/fotografierneharordet.dk\/portfolio\/"},"modified":"2026-08-17T08:45:42","modified_gmt":"2026-08-17T08:45:42","slug":"portfolio","status":"publish","type":"page","link":"https:\/\/fotografierneharordet.dk\/en\/portfolio\/","title":{"rendered":"Portfolio"},"content":{"rendered":"<section class=\"wp-block-group alignfull ext-section is-style-ext-preset--group--natural-1--section has-background-background-color has-background has-custom-css is-layout-flow wp-block-group-is-layout-flow\" style=\"margin-top:0;margin-bottom:0;padding-top:var(--wp--preset--spacing--70);padding-bottom:var(--wp--preset--spacing--70)\">\n<div class=\"wp-block-group alignwide ext-section-intro is-style-ext-preset--group--natural-1--section-intro-1 has-custom-css is-layout-flow wp-block-group-is-layout-flow\">\n<h2 class=\"wp-block-heading ext-section-intro-heading ext-animate--on\">Oplev dybdeg\u00e5ende visuelle fort\u00e6llinger og \u00e6gte dokumentarisme.<\/h2>\n\n\n\n<p class=\"ext-section-intro-description ext-animate--on has-foreground-alt-color has-text-color has-medium-font-size wp-block-paragraph\" style=\"margin-top:24px\">Denne sektion fremh\u00e6ver vores kunstneriske tilgang og flersprogede formidling.<\/p>\n<\/div>\n\n\n\n<div class=\"wp-block-group alignwide ext-grid is-layout-grid wp-container-core-group-is-layout-e121f3d3 wp-block-group-is-layout-grid\">\n<div class=\"wp-block-group ext-card ext-card-stacked is-style-ext-preset--group--natural-1--item-card-1--align-start ext-animate--on is-vertical is-content-justification-stretch is-layout-flex wp-container-core-group-is-layout-b6b47c84 wp-block-group-is-layout-flex is-style-ext-preset--group--natural-1--item-card-1--align-start--1\" style=\"min-height:100%\">\n<figure class=\"wp-block-image aligncenter size-large ext-aspect-landscape extendify-image-import ext-card-image\"><img decoding=\"async\" src=\"https:\/\/images.unsplash.com\/photo-1583324961572-9f4afd9ffee6?orientation=portrait?fit=crop&amp;crop=entropy%2Cfaces&amp;auto=format%2Ccompress&amp;w=1280\" alt=\"\" style=\"aspect-ratio:4\/3;object-fit:cover\"\/><\/figure>\n\n\n\n<div class=\"wp-block-group ext-card-content wp-container-content-ceb7f5b3 is-vertical is-content-justification-stretch is-layout-flex wp-container-core-group-is-layout-b6b47c84 wp-block-group-is-layout-flex\">\n<div class=\"wp-block-group ext-card-body is-layout-flow wp-container-core-group-is-layout-c00cb370 wp-block-group-is-layout-flow\">\n<h3 class=\"wp-block-heading has-medium-font-size\">Kunstnerisk fotografering.<\/h3>\n\n\n\n<p class=\"wp-block-paragraph\">Udforsk unikke billedserier, der udfordrer vante perspektiver og styrker tilliden til fotografiets autenticitet gennem st\u00e6rke visuelle virkemidler.<\/p>\n<\/div>\n<\/div>\n<\/div>\n\n\n\n<div class=\"wp-block-group ext-card ext-card-stacked is-style-ext-preset--group--natural-1--item-card-1--align-start ext-animate--on is-vertical is-content-justification-stretch is-layout-flex wp-container-core-group-is-layout-b6b47c84 wp-block-group-is-layout-flex is-style-ext-preset--group--natural-1--item-card-1--align-start--2\" style=\"min-height:100%\">\n<figure class=\"wp-block-image aligncenter size-large ext-aspect-landscape extendify-image-import ext-card-image\"><img decoding=\"async\" src=\"https:\/\/images.unsplash.com\/photo-1581508512961-0e3b9524db40?orientation=landscape?fit=crop&amp;crop=entropy%2Cfaces&amp;auto=format%2Ccompress&amp;w=1280\" alt=\"\" style=\"aspect-ratio:4\/3;object-fit:cover\"\/><\/figure>\n\n\n\n<div class=\"wp-block-group ext-card-content wp-container-content-ceb7f5b3 is-vertical is-content-justification-stretch is-layout-flex wp-container-core-group-is-layout-b6b47c84 wp-block-group-is-layout-flex\">\n<div class=\"wp-block-group ext-card-body is-layout-flow wp-container-core-group-is-layout-c00cb370 wp-block-group-is-layout-flow\">\n<h3 class=\"wp-block-heading has-medium-font-size\">Multimediale elementer.<\/h3>\n\n\n\n<p class=\"wp-block-paragraph\">Engager dig i dynamiske historier, der kombinerer levende billeder, lyd og tekst for at skabe en dyb og mindev\u00e6rdig oplevelse.<\/p>\n<\/div>\n<\/div>\n<\/div>\n\n\n\n<div class=\"wp-block-group ext-card ext-card-stacked is-style-ext-preset--group--natural-1--item-card-1--align-start ext-animate--on is-vertical is-content-justification-stretch is-layout-flex wp-container-core-group-is-layout-b6b47c84 wp-block-group-is-layout-flex is-style-ext-preset--group--natural-1--item-card-1--align-start--3\" style=\"min-height:100%\">\n<figure class=\"wp-block-image aligncenter size-large ext-aspect-landscape extendify-image-import ext-card-image\"><img decoding=\"async\" src=\"https:\/\/images.unsplash.com\/photo-1518172297066-0af6ae79458c?orientation=landscape?fit=crop&amp;crop=entropy%2Cfaces&amp;auto=format%2Ccompress&amp;w=1280\" alt=\"\" style=\"aspect-ratio:4\/3;object-fit:cover\"\/><\/figure>\n\n\n\n<div class=\"wp-block-group ext-card-content wp-container-content-ceb7f5b3 is-vertical is-content-justification-stretch is-layout-flex wp-container-core-group-is-layout-b6b47c84 wp-block-group-is-layout-flex\">\n<div class=\"wp-block-group ext-card-body is-layout-flow wp-container-core-group-is-layout-c00cb370 wp-block-group-is-layout-flow\">\n<h3 class=\"wp-block-heading has-medium-font-size\">Flersproget tilg\u00e6ngelighed.<\/h3>\n\n\n\n<p class=\"wp-block-paragraph\">F\u00e5 adgang til vores kuraterede arkiver p\u00e5 flere sprog, hvilket sikrer et globalt perspektiv p\u00e5 vigtige dokumentariske fort\u00e6llinger.<\/p>\n<\/div>\n<\/div>\n<\/div>\n<\/div>\n\n\n\n<div class=\"wp-block-buttons alignwide ext-animate--on is-content-justification-center is-layout-flex wp-container-core-buttons-is-layout-fdd94e84 wp-block-buttons-is-layout-flex\">\n<div class=\"wp-block-button is-style-ext-preset--button--natural-1--button-1 is-style-ext-preset--button--natural-1--button-1--4\"><a class=\"wp-block-button__link wp-element-button\" href=\"https:\/\/fotografierneharordet.dk\/en\/galleri\/\">Se galleri<\/a><\/div>\n<\/div>\n<\/section>\n\n<section class=\"wp-block-group alignfull ext-section is-style-ext-preset--group--natural-1--section has-tertiary-background-color has-background has-custom-css is-layout-flow wp-block-group-is-layout-flow\" style=\"margin-top:0;margin-bottom:0;padding-top:var(--wp--preset--spacing--70);padding-bottom:var(--wp--preset--spacing--70)\">\n<div class=\"wp-block-group alignwide ext-section-intro is-style-ext-preset--group--natural-1--section-intro-1 has-custom-css is-layout-flow wp-block-group-is-layout-flow\">\n<h2 class=\"wp-block-heading ext-section-intro-heading ext-animate--on\">Udforsk vores fotoprojekter.<\/h2>\n\n\n\n<p class=\"ext-section-intro-description ext-animate--on has-foreground-alt-color has-text-color has-medium-font-size wp-block-paragraph\" style=\"margin-top:24px\">Denne sektion pr\u00e6senterer kunstneriske og dokumentariske billeder, som udforsker fotografiets tillid og fort\u00e6lling gennem multimedier.<\/p>\n<\/div>\n\n\n\n<div class=\"wp-block-group alignwide ext-grid is-layout-grid wp-container-core-group-is-layout-e121f3d3 wp-block-group-is-layout-grid\">\n<div class=\"wp-block-group ext-card ext-card-stacked is-style-ext-preset--group--natural-1--item-card-1--align-start ext-animate--on is-vertical is-content-justification-stretch is-layout-flex wp-container-core-group-is-layout-b6b47c84 wp-block-group-is-layout-flex is-style-ext-preset--group--natural-1--item-card-1--align-start--5\" style=\"min-height:100%\">\n<figure class=\"wp-block-image extendify-image-import ext-card-image\"><img decoding=\"async\" src=\"https:\/\/images.unsplash.com\/photo-1757286890880-9854df8447b7?orientation=portrait?fit=crop&amp;crop=entropy%2Cfaces&amp;auto=format%2Ccompress&amp;w=1280\" alt=\"\" style=\"aspect-ratio:1;object-fit:cover\"\/><\/figure>\n\n\n\n<div class=\"wp-block-group ext-card-content wp-container-content-ceb7f5b3 is-vertical is-content-justification-stretch is-layout-flex wp-container-core-group-is-layout-b6b47c84 wp-block-group-is-layout-flex\">\n<div class=\"wp-block-group ext-card-body is-layout-flow wp-container-core-group-is-layout-c00cb370 wp-block-group-is-layout-flow\">\n<h3 class=\"wp-block-heading has-medium-font-size\">Visuel Fort\u00e6lling<\/h3>\n\n\n\n<h3 class=\"wp-block-heading has-medium-font-size\">149 kr.<\/h3>\n\n\n\n<p class=\"wp-block-paragraph\">Dokumentar<\/p>\n<\/div>\n<\/div>\n<\/div>\n\n\n\n<div class=\"wp-block-group ext-card ext-card-stacked is-style-ext-preset--group--natural-1--item-card-1--align-start ext-animate--on is-vertical is-content-justification-stretch is-layout-flex wp-container-core-group-is-layout-b6b47c84 wp-block-group-is-layout-flex is-style-ext-preset--group--natural-1--item-card-1--align-start--6\" style=\"min-height:100%\">\n<figure class=\"wp-block-image extendify-image-import ext-card-image\"><img decoding=\"async\" src=\"https:\/\/images.unsplash.com\/photo-1639335875374-6257c4c09b07?orientation=portrait?fit=crop&amp;crop=entropy%2Cfaces&amp;auto=format%2Ccompress&amp;w=1280\" alt=\"\" style=\"aspect-ratio:1;object-fit:cover\"\/><\/figure>\n\n\n\n<div class=\"wp-block-group ext-card-content wp-container-content-ceb7f5b3 is-vertical is-content-justification-stretch is-layout-flex wp-container-core-group-is-layout-b6b47c84 wp-block-group-is-layout-flex\">\n<div class=\"wp-block-group ext-card-body is-layout-flow wp-container-core-group-is-layout-c00cb370 wp-block-group-is-layout-flow\">\n<h3 class=\"wp-block-heading has-medium-font-size\">Arkivets Skygger<\/h3>\n\n\n\n<h3 class=\"wp-block-heading has-medium-font-size\">299 kr.<\/h3>\n\n\n\n<p class=\"wp-block-paragraph\">Kunstfoto<\/p>\n<\/div>\n<\/div>\n<\/div>\n\n\n\n<div class=\"wp-block-group ext-card ext-card-stacked is-style-ext-preset--group--natural-1--item-card-1--align-start ext-animate--on is-vertical is-content-justification-stretch is-layout-flex wp-container-core-group-is-layout-b6b47c84 wp-block-group-is-layout-flex is-style-ext-preset--group--natural-1--item-card-1--align-start--7\" style=\"min-height:100%\">\n<figure class=\"wp-block-image extendify-image-import ext-card-image\"><img decoding=\"async\" src=\"https:\/\/images.unsplash.com\/photo-1570978541623-fe3fbe775696?orientation=portrait?fit=crop&amp;crop=entropy%2Cfaces&amp;auto=format%2Ccompress&amp;w=1280\" alt=\"\" style=\"aspect-ratio:1;object-fit:cover\"\/><\/figure>\n\n\n\n<div class=\"wp-block-group ext-card-content wp-container-content-ceb7f5b3 is-vertical is-content-justification-stretch is-layout-flex wp-container-core-group-is-layout-b6b47c84 wp-block-group-is-layout-flex\">\n<div class=\"wp-block-group ext-card-body is-layout-flow wp-container-core-group-is-layout-c00cb370 wp-block-group-is-layout-flow\">\n<h3 class=\"wp-block-heading has-medium-font-size\">Flygtige \u00d8jeblikke<\/h3>\n\n\n\n<h3 class=\"wp-block-heading has-medium-font-size\">499 kr.<\/h3>\n\n\n\n<p class=\"wp-block-paragraph\">Multimedie<\/p>\n<\/div>\n<\/div>\n<\/div>\n<\/div>\n<\/section>\n\n<div class=\"wp-block-group alignfull is-style-ext-preset--group--natural-1--section has-background-background-color has-background ext-section has-global-padding is-layout-constrained wp-block-group-is-layout-constrained\" style=\"margin-top:0;margin-bottom:0;padding-top:var(--wp--preset--spacing--70);padding-bottom:var(--wp--preset--spacing--70)\">\n<div class=\"wp-block-columns alignwide is-layout-flex wp-container-core-columns-is-layout-d96dcb9d wp-block-columns-is-layout-flex\">\n<div class=\"wp-block-column is-vertically-aligned-top ext-animate--on is-layout-flow wp-block-column-is-layout-flow\">\n<h2 class=\"wp-block-heading ext-animate--off\">Oplev fotografiets sande kraft og visuelle univers i dag.<\/h2>\n<\/div>\n\n\n\n<div class=\"wp-block-column is-layout-flow wp-block-column-is-layout-flow\">\n<p class=\"ext-animate--on wp-block-paragraph\">Denne sektion pr\u00e6senterer vores kunstneriske og dokumentariske projekter, multimediale elementer samt flersproget tilg\u00e6ngelig historiefort\u00e6lling, der engagerer det nysgerrige publikum.<\/p>\n\n\n\n<div class=\"wp-block-buttons ext-animate--on is-layout-flex wp-block-buttons-is-layout-flex\">\n<div class=\"wp-block-button is-style-ext-preset--button--natural-1--button-1 is-style-ext-preset--button--natural-1--button-1--9\"><a class=\"wp-block-button__link wp-element-button\" href=\"https:\/\/fotografierneharordet.dk\/en\/kontakt\/\">Se projekter<\/a><\/div>\n<\/div>\n<\/div>\n<\/div>\n<\/div>","protected":false},"excerpt":{"rendered":"<p>Oplev dybdeg\u00e5ende visuelle fort\u00e6llinger og \u00e6gte dokumentarisme. Denne sektion fremh\u00e6ver vores kunstneriske tilgang og flersprogede formidling. Kunstnerisk fotografering. Udforsk unikke billedserier, der udfordrer vante perspektiver og styrker tilliden til fotografiets autenticitet gennem st\u00e6rke visuelle virkemidler. Multimediale elementer. Engager dig i dynamiske historier, der kombinerer levende billeder, lyd og tekst for at skabe en dyb og [&hellip;]<\/p>\n","protected":false},"author":1,"featured_media":0,"parent":0,"menu_order":0,"comment_status":"closed","ping_status":"closed","template":"page-with-title","meta":{"inline_featured_image":false,"_monsterinsights_skip_tracking":false,"footnotes":""},"class_list":["post-27","page","type-page","status-publish","hentry"],"_links":{"self":[{"href":"https:\/\/fotografierneharordet.dk\/en\/wp-json\/wp\/v2\/pages\/27","targetHints":{"allow":["GET"]}}],"collection":[{"href":"https:\/\/fotografierneharordet.dk\/en\/wp-json\/wp\/v2\/pages"}],"about":[{"href":"https:\/\/fotografierneharordet.dk\/en\/wp-json\/wp\/v2\/types\/page"}],"author":[{"embeddable":true,"href":"https:\/\/fotografierneharordet.dk\/en\/wp-json\/wp\/v2\/users\/1"}],"replies":[{"embeddable":true,"href":"https:\/\/fotografierneharordet.dk\/en\/wp-json\/wp\/v2\/comments?post=27"}],"version-history":[{"count":1,"href":"https:\/\/fotografierneharordet.dk\/en\/wp-json\/wp\/v2\/pages\/27\/revisions"}],"predecessor-version":[{"id":46,"href":"https:\/\/fotografierneharordet.dk\/en\/wp-json\/wp\/v2\/pages\/27\/revisions\/46"}],"wp:attachment":[{"href":"https:\/\/fotografierneharordet.dk\/en\/wp-json\/wp\/v2\/media?parent=27"}],"curies":[{"name":"wp","href":"https:\/\/api.w.org\/{rel}","templated":true}]}}

<section class="wp-block-group alignfull ext-section is-style-ext-preset--group--natural-1--section has-background-background-color has-background has-custom-css is-layout-flow wp-block-group-is-layout-flow" style="margin-top:0;margin-bottom:0;padding-top:var(--wp--preset--spacing--70);padding-bottom:var(--wp--preset--spacing--70)">
<div class="wp-block-group alignwide ext-section-intro is-style-ext-preset--group--natural-1--section-intro-1 has-custom-css is-layout-flow wp-block-group-is-layout-flow">
<h2 class="wp-block-heading ext-section-intro-heading ext-animate--on">Oplev dybdegående visuelle fortællinger og ægte dokumentarisme.</h2>



<p class="ext-section-intro-description ext-animate--on has-foreground-alt-color has-text-color has-medium-font-size wp-block-paragraph" style="margin-top:24px">Denne sektion fremhæver vores kunstneriske tilgang og flersprogede formidling.</p>
</div>



<div class="wp-block-group alignwide ext-grid is-layout-grid wp-container-core-group-is-layout-e121f3d3 wp-block-group-is-layout-grid">
<div class="wp-block-group ext-card ext-card-stacked is-style-ext-preset--group--natural-1--item-card-1--align-start ext-animate--on is-vertical is-content-justification-stretch is-layout-flex wp-container-core-group-is-layout-b6b47c84 wp-block-group-is-layout-flex is-style-ext-preset--group--natural-1--item-card-1--align-start--1" style="min-height:100%">
<figure class="wp-block-image aligncenter size-large ext-aspect-landscape extendify-image-import ext-card-image"><img decoding="async" src="https://images.unsplash.com/photo-1583324961572-9f4afd9ffee6?orientation=portrait?fit=crop&amp;crop=entropy%2Cfaces&amp;auto=format%2Ccompress&amp;w=1280" alt="" style="aspect-ratio:4/3;object-fit:cover"/></figure>



<div class="wp-block-group ext-card-content wp-container-content-ceb7f5b3 is-vertical is-content-justification-stretch is-layout-flex wp-container-core-group-is-layout-b6b47c84 wp-block-group-is-layout-flex">
<div class="wp-block-group ext-card-body is-layout-flow wp-container-core-group-is-layout-c00cb370 wp-block-group-is-layout-flow">
<h3 class="wp-block-heading has-medium-font-size">Kunstnerisk fotografering.</h3>



<p class="wp-block-paragraph">Udforsk unikke billedserier, der udfordrer vante perspektiver og styrker tilliden til fotografiets autenticitet gennem stærke visuelle virkemidler.</p>
</div>
</div>
</div>



<div class="wp-block-group ext-card ext-card-stacked is-style-ext-preset--group--natural-1--item-card-1--align-start ext-animate--on is-vertical is-content-justification-stretch is-layout-flex wp-container-core-group-is-layout-b6b47c84 wp-block-group-is-layout-flex is-style-ext-preset--group--natural-1--item-card-1--align-start--2" style="min-height:100%">
<figure class="wp-block-image aligncenter size-large ext-aspect-landscape extendify-image-import ext-card-image"><img decoding="async" src="https://images.unsplash.com/photo-1581508512961-0e3b9524db40?orientation=landscape?fit=crop&amp;crop=entropy%2Cfaces&amp;auto=format%2Ccompress&amp;w=1280" alt="" style="aspect-ratio:4/3;object-fit:cover"/></figure>



<div class="wp-block-group ext-card-content wp-container-content-ceb7f5b3 is-vertical is-content-justification-stretch is-layout-flex wp-container-core-group-is-layout-b6b47c84 wp-block-group-is-layout-flex">
<div class="wp-block-group ext-card-body is-layout-flow wp-container-core-group-is-layout-c00cb370 wp-block-group-is-layout-flow">
<h3 class="wp-block-heading has-medium-font-size">Multimediale elementer.</h3>



<p class="wp-block-paragraph">Engager dig i dynamiske historier, der kombinerer levende billeder, lyd og tekst for at skabe en dyb og mindeværdig oplevelse.</p>
</div>
</div>
</div>



<div class="wp-block-group ext-card ext-card-stacked is-style-ext-preset--group--natural-1--item-card-1--align-start ext-animate--on is-vertical is-content-justification-stretch is-layout-flex wp-container-core-group-is-layout-b6b47c84 wp-block-group-is-layout-flex is-style-ext-preset--group--natural-1--item-card-1--align-start--3" style="min-height:100%">
<figure class="wp-block-image aligncenter size-large ext-aspect-landscape extendify-image-import ext-card-image"><img decoding="async" src="https://images.unsplash.com/photo-1518172297066-0af6ae79458c?orientation=landscape?fit=crop&amp;crop=entropy%2Cfaces&amp;auto=format%2Ccompress&amp;w=1280" alt="" style="aspect-ratio:4/3;object-fit:cover"/></figure>



<div class="wp-block-group ext-card-content wp-container-content-ceb7f5b3 is-vertical is-content-justification-stretch is-layout-flex wp-container-core-group-is-layout-b6b47c84 wp-block-group-is-layout-flex">
<div class="wp-block-group ext-card-body is-layout-flow wp-container-core-group-is-layout-c00cb370 wp-block-group-is-layout-flow">
<h3 class="wp-block-heading has-medium-font-size">Flersproget tilgængelighed.</h3>



<p class="wp-block-paragraph">Få adgang til vores kuraterede arkiver på flere sprog, hvilket sikrer et globalt perspektiv på vigtige dokumentariske fortællinger.</p>
</div>
</div>
</div>
</div>



<div class="wp-block-buttons alignwide ext-animate--on is-content-justification-center is-layout-flex wp-container-core-buttons-is-layout-fdd94e84 wp-block-buttons-is-layout-flex">
<div class="wp-block-button is-style-ext-preset--button--natural-1--button-1 is-style-ext-preset--button--natural-1--button-1--4"><a class="wp-block-button__link wp-element-button" href="https://fotografierneharordet.dk/en/galleri/">Se galleri</a></div>
</div>
</section>

<section class="wp-block-group alignfull ext-section is-style-ext-preset--group--natural-1--section has-tertiary-background-color has-background has-custom-css is-layout-flow wp-block-group-is-layout-flow" style="margin-top:0;margin-bottom:0;padding-top:var(--wp--preset--spacing--70);padding-bottom:var(--wp--preset--spacing--70)">
<div class="wp-block-group alignwide ext-section-intro is-style-ext-preset--group--natural-1--section-intro-1 has-custom-css is-layout-flow wp-block-group-is-layout-flow">
<h2 class="wp-block-heading ext-section-intro-heading ext-animate--on">Udforsk vores fotoprojekter.</h2>



<p class="ext-section-intro-description ext-animate--on has-foreground-alt-color has-text-color has-medium-font-size wp-block-paragraph" style="margin-top:24px">Denne sektion præsenterer kunstneriske og dokumentariske billeder, som udforsker fotografiets tillid og fortælling gennem multimedier.</p>
</div>



<div class="wp-block-group alignwide ext-grid is-layout-grid wp-container-core-group-is-layout-e121f3d3 wp-block-group-is-layout-grid">
<div class="wp-block-group ext-card ext-card-stacked is-style-ext-preset--group--natural-1--item-card-1--align-start ext-animate--on is-vertical is-content-justification-stretch is-layout-flex wp-container-core-group-is-layout-b6b47c84 wp-block-group-is-layout-flex is-style-ext-preset--group--natural-1--item-card-1--align-start--5" style="min-height:100%">
<figure class="wp-block-image extendify-image-import ext-card-image"><img decoding="async" src="https://images.unsplash.com/photo-1757286890880-9854df8447b7?orientation=portrait?fit=crop&amp;crop=entropy%2Cfaces&amp;auto=format%2Ccompress&amp;w=1280" alt="" style="aspect-ratio:1;object-fit:cover"/></figure>



<div class="wp-block-group ext-card-content wp-container-content-ceb7f5b3 is-vertical is-content-justification-stretch is-layout-flex wp-container-core-group-is-layout-b6b47c84 wp-block-group-is-layout-flex">
<div class="wp-block-group ext-card-body is-layout-flow wp-container-core-group-is-layout-c00cb370 wp-block-group-is-layout-flow">
<h3 class="wp-block-heading has-medium-font-size">Visuel Fortælling</h3>



<h3 class="wp-block-heading has-medium-font-size">149 kr.</h3>



<p class="wp-block-paragraph">Dokumentar</p>
</div>
</div>
</div>



<div class="wp-block-group ext-card ext-card-stacked is-style-ext-preset--group--natural-1--item-card-1--align-start ext-animate--on is-vertical is-content-justification-stretch is-layout-flex wp-container-core-group-is-layout-b6b47c84 wp-block-group-is-layout-flex is-style-ext-preset--group--natural-1--item-card-1--align-start--6" style="min-height:100%">
<figure class="wp-block-image extendify-image-import ext-card-image"><img decoding="async" src="https://images.unsplash.com/photo-1639335875374-6257c4c09b07?orientation=portrait?fit=crop&amp;crop=entropy%2Cfaces&amp;auto=format%2Ccompress&amp;w=1280" alt="" style="aspect-ratio:1;object-fit:cover"/></figure>



<div class="wp-block-group ext-card-content wp-container-content-ceb7f5b3 is-vertical is-content-justification-stretch is-layout-flex wp-container-core-group-is-layout-b6b47c84 wp-block-group-is-layout-flex">
<div class="wp-block-group ext-card-body is-layout-flow wp-container-core-group-is-layout-c00cb370 wp-block-group-is-layout-flow">
<h3 class="wp-block-heading has-medium-font-size">Arkivets Skygger</h3>



<h3 class="wp-block-heading has-medium-font-size">299 kr.</h3>



<p class="wp-block-paragraph">Kunstfoto</p>
</div>
</div>
</div>



<div class="wp-block-group ext-card ext-card-stacked is-style-ext-preset--group--natural-1--item-card-1--align-start ext-animate--on is-vertical is-content-justification-stretch is-layout-flex wp-container-core-group-is-layout-b6b47c84 wp-block-group-is-layout-flex is-style-ext-preset--group--natural-1--item-card-1--align-start--7" style="min-height:100%">
<figure class="wp-block-image extendify-image-import ext-card-image"><img decoding="async" src="https://images.unsplash.com/photo-1570978541623-fe3fbe775696?orientation=portrait?fit=crop&amp;crop=entropy%2Cfaces&amp;auto=format%2Ccompress&amp;w=1280" alt="" style="aspect-ratio:1;object-fit:cover"/></figure>



<div class="wp-block-group ext-card-content wp-container-content-ceb7f5b3 is-vertical is-content-justification-stretch is-layout-flex wp-container-core-group-is-layout-b6b47c84 wp-block-group-is-layout-flex">
<div class="wp-block-group ext-card-body is-layout-flow wp-container-core-group-is-layout-c00cb370 wp-block-group-is-layout-flow">
<h3 class="wp-block-heading has-medium-font-size">Flygtige Øjeblikke</h3>



<h3 class="wp-block-heading has-medium-font-size">499 kr.</h3>



<p class="wp-block-paragraph">Multimedie</p>
</div>
</div>
</div>
</div>
</section>

<div class="wp-block-group alignfull is-style-ext-preset--group--natural-1--section has-background-background-color has-background ext-section has-global-padding is-layout-constrained wp-block-group-is-layout-constrained" style="margin-top:0;margin-bottom:0;padding-top:var(--wp--preset--spacing--70);padding-bottom:var(--wp--preset--spacing--70)">
<div class="wp-block-columns alignwide is-layout-flex wp-container-core-columns-is-layout-d96dcb9d wp-block-columns-is-layout-flex">
<div class="wp-block-column is-vertically-aligned-top ext-animate--on is-layout-flow wp-block-column-is-layout-flow">
<h2 class="wp-block-heading ext-animate--off">Oplev fotografiets sande kraft og visuelle univers i dag.</h2>
</div>



<div class="wp-block-column is-layout-flow wp-block-column-is-layout-flow">
<p class="ext-animate--on wp-block-paragraph">Denne sektion præsenterer vores kunstneriske og dokumentariske projekter, multimediale elementer samt flersproget tilgængelig historiefortælling, der engagerer det nysgerrige publikum.</p>



<div class="wp-block-buttons ext-animate--on is-layout-flex wp-block-buttons-is-layout-flex">
<div class="wp-block-button is-style-ext-preset--button--natural-1--button-1 is-style-ext-preset--button--natural-1--button-1--9"><a class="wp-block-button__link wp-element-button" href="https://fotografierneharordet.dk/en/kontakt/">Se projekter</a></div>
</div>
</div>
</div>
</div>

<p>Oplev dybdegående visuelle fortællinger og ægte dokumentarisme. Denne sektion fremhæver vores kunstneriske tilgang og flersprogede formidling. Kunstnerisk fotografering. Udforsk unikke billedserier, der udfordrer vante perspektiver og styrker tilliden til fotografiets autenticitet gennem stærke visuelle virkemidler. Multimediale elementer. Engager dig i dynamiske historier, der kombinerer levende billeder, lyd og tekst for at skabe en dyb og [&hellip;]</p>
